alse
Is 24038350637 a prime number?
False
Is 22638240811 prime?
False
Is 39271669 a prime number?
False
Is 27732747047 a composite number?
False
Is 10380795959 a prime number?
True
Is 22110903659 a composite number?
True
Is 2352035291 composite?
False
Is 85558264613 prime?
True
Is 418917839 a composite number?
False
Is 215068219 a prime number?
False
Is 31233406279 composite?
False
Is 2256666113 composite?
True
Is 2918282709 prime?
False
Is 275316011 composite?
False
Is 54816466897 composite?
False
Is 101678242 composite?
True
Is 50611418923 prime?
False
Is 1297527118 prime?
False
Is 431140380137 a composite number?
True
Is 28153772209 a prime number?
True
Is 27016488419 a composite number?
True
Is 141514063 a composite number?
True
Is 3766787391 a composite number?
True
Is 112421607239 a prime number?
True
Is 413509493 prime?
True
Is 121084444153 a composite number?
False
Is 120985009391 composite?
False
Is 21472507 a composite number?
True
Is 5656531189 a prime number?
True
Is 6801551 prime?
True
Is 965014907 composite?
True
Is 25284555259 a prime number?
False
Is 4872483871 prime?
False
Is 168317651 composite?
False
Is 15502253941 composite?
False
Is 52772381401 a prime number?
True
Is 16328699669 a composite number?
True
Is 356389871 prime?
True
Is 8819605693 prime?
False
Is 348332671 composite?
False
Is 1755108029 a prime number?
False
Is 496082370917 composite?
True
Is 767943107 a composite number?
True
Is 1679980607 prime?
True
Is 1077117113 a composite number?
False
Is 14301144001 composite?
False
Is 1130506549 prime?
False
Is 987745411 prime?
False
Is 17483031647 composite?
False
Is 680476331 a composite number?
False
Is 236947049 composite?
True
Is 43863482077 a prime number?
False
Is 32838728737 a composite number?
False
Is 4301438761 a prime number?
True
Is 1528415839 composite?
False
Is 10710388463 composite?
False
Is 1114259749 prime?
True
Is 5123127794 a prime number?
False
Is 14547495397 a prime number?
True
Is 3390524933 a prime number?
False
Is 86264790709 prime?
False
Is 93786196633 composite?
False
Is 32714018269 composite?
True
Is 199552271 prime?
False
Is 1176039499 a prime number?
False
Is 3488340269 a composite number?
False
Is 107162266457 a composite number?
True
Is 9904271635 a prime number?
False
Is 5836494529 composite?
False
Is 2598348107 prime?
True
Is 9393900721 prime?
True
Is 516432097 a prime number?
False
Is 1625063843 a prime number?
False
Is 19760399473 a prime number?
True
Is 11359696587 prime?
False
Is 1106799667 prime?
True
Is 19127442454 prime?
False
Is 3237691423 composite?
True
Is 24998827669 prime?
True
Is 39920847151 a prime number?
False
Is 75117373 a prime number?
False
Is 3396438797 prime?
True
Is 1476472947 composite?
True
Is 22033695571 prime?
True
Is 14535030131 a composite number?
True
Is 173274337 prime?
True
Is 19111996147 prime?
True
Is 17786026933 a prime number?
False
Is 9053947337 a composite number?
True
Is 17767389491 a composite number?
False
Is 1369252663 composite?
False
Is 1733887849 a composite number?
False
Is 122217889 composite?
True
Is 164512597 composite?
False
Is 13811951873 prime?
False
Is 344484272953 prime?
False
Is 71968783 prime?
True
Is 40659771413 prime?
True
Is 1152868841 a prime number?
False
Is 174734177 a prime number?
False
Is 22610857 a prime number?
False
Is 372831736777 a prime number?
False
Is 4259636861 a prime number?
False
Is 326743649 a prime number?
False
Is 17188131523 prime?
True
Is 666017987 a prime number?
False
Is 413045723 a prime number?
False
Is 1427811869 prime?
False
Is 31352029937 prime?
False
Is 36417719869 prime?
False
Is 878921261 a composite number?
False
Is 13740566603 composite?
True
Is 3725778589 composite?
True
Is 611150381 a composite number?
False
Is 414424627 a prime number?
False
Is 16950051913 composite?
False
Is 344655511 a prime number?
True
Is 22582206511 a composite number?
False
Is 68754955 prime?
False
Is 507764197 composite?
False
Is 71280799507 prime?
True
Is 465352387 prime?
True
Is 1392712481 composite?
True
Is 4944403358 a composite number?
True
Is 1473357259 prime?
False
Is 7440041533 composite?
False
Is 38737260431 prime?
True
Is 16576549501 a composite number?
True
Is 7816405253 a composite number?
False
Is 14155281799 a prime number?
False
Is 21737840513 a composite number?
False
Is 25185408163 prime?
False
Is 22901203331 composite?
False
Is 4399015589 a composite number?
False
Is 3085663183 prime?
False
Is 6659736394 a composite number?
True
Is 9206666797 a composite number?
True
Is 28841917387 a composite number?
False
Is 115760063 prime?
False
Is 5662000777 prime?
True
Is 1700858597 a prime number?
True
Is 2942379707 composite?
False
Is 1431748969 a prime number?
False
Is 206462520281 prime?
True
Is 44683338041 prime?
False
Is 65861705773 composite?
True
Is 27182608993 prime?
False
Is 29399865811 a prime number?
True
Is 2200394795 a composite number?
True
Is 1811200359 prime?
False
Is 216657767 composite?
False
Is 726254927 composite?
True
Is 30987394717 a prime number?
True
Is 6952720169 composite?
False
Is 5239835603 composite?
False
Is 9669212677 a composite number?
False
Is 108151040801 composite?
True
Is 147165497 a prime number?
True
Is 176572917491 composite?
True
Is 17261068619 a composite number?
False
Is 20580801479 prime?
False
Is 10661568997 a prime number?
True
Is 1890396967 composite?
False
Is 4979969237 a prime number?
False
Is 954904567 a prime number?
True
Is 19430688031 a prime number?
False
Is 316656619 a prime number?
False
Is 177052427 prime?
False
Is 46738935167 prime?
True
Is 174217271 a composite number?
False
Is 120800886917 a prime number?
False
Is 23545226389 a composite number?
True
Is 170790614681 prime?
False
Is 3035748869 a composite number?
False
Is 318141613 prime?
True
Is 13500089269 composite?
True
Is 914298767 prime?
False
Is 6546955889 composite?
False
Is 730406747 a prime number?
False
Is 12076704391 composite?
True
Is 100075249327 prime?
True
Is 94399013 composite?
True
Is 4983341617 prime?
False
Is 175669301 composite?
False
Is 660718801 composite?
True
Is 3713952817 composite?
False
Is 7078920341 a composite number?
True
Is 40815381323 prime?
True
Is 636192421 a composite number?
True
Is 98864047 a composite number?
False
Is 29802650167 a prime number?
True
Is 3886805071 prime?
True
Is 258050529653 a composite number?
True
Is 4399833979 composite?
True
Is 1230783791 composite?
True
Is 12927712579 a composite number?
True
Is 6709027097 composite?
False
Is 31833237 composite?
True
Is 558200681 composite?
False
Is 15735955101 a prime number?
False
Is 1404693571 a prime number?
True
Is 773944957 prime?
True
Is 43012388507 a composite number?
True
Is 136772361923 prime?
False
Is 71939414969 prime?
True
Is 24968188967 a prime number?
True
Is 2230918553 a prime number?
True
Is 4068254339 composite?
True
Is 347770531 prime?
False
Is 8214076631 prime?
False
Is 6138621019 prime?
False
Is 2359404497 composite?
False
Is 1972743967 a prime number?
False
Is 17627881 a prime number?
True
Is 502122389 a prime number?
True
Is 3835626191 prime?
True
Is 2546447129 prime?
True
Is 6627075097 a prime number?
False
Is 3446777773 composite?
False
Is 19457435297 a composite number?
True
Is 114244619 prime?
True
Is 86186437 a composite number?
False
Is 81140074 prime?
False
Is 1325054063 a composite number?
True
Is 14504385983 a composite number?
False
Is 49645203313 a composite number?
False
Is 452326299499 a composite number?
False
Is 2286677131 composite?
False
Is 953607407 a prime number?
True
Is 21690001493 composite?
False
Is 573886667 composite?
False
Is 533568757 a prime number?
False
Is 433548901 a composite number?
False
Is 114324556427 a prime number?
False
Is 2453159557 prime?
True
Is 192278615 prime?
False
Is 4957091767 prime?
False
Is 3581947093 composite?
True
Is 47370807373 composite?
False
Is 1362649313 a prime number?
True
Is 9846354701 a composite number?
False
Is 803016161 composite?
False
Is 1011273609 prime?
False
Is 699018029 a prime number?
True
Is 2937678349 a prime number?
False
Is 5330437715 a composite number?
True
Is 37149737147 a composite number?
False
Is 99806060369 a prime number?
True
Is 5212756963 prime?
True
Is 2514688355 composite?
True
Is 18577997773 prim